 be q(-6). Calculate x(v).
7
Suppose 6*u - 7*u = -2. Suppose -5*k - 29 = v, v + u*k - 21 = 7*k. Let n(b) = -b. Determine n(v).
4
Let w(b) be the second derivative of 0*b**2 + 0 + b - 5/6*b**3. Let r = 3 + -2. Determine w(r).
-5
Suppose 2*g + 15 = 5*t, -4*t + g + 35 = 4*g. Let o(j) be the third derivative of 0*j**4 - 2*j**2 + 0*j**3 + 0 - 1/120*j**6 - 1/15*j**t + 0*j. Determine o(-3).
-9
Let j(k) = -k**3 - k**2 + k + 1. Suppose -26 = -5*l + 4*c, 12 = -0*l - 4*l - 5*c. Calculate j(l).
-9
Suppose -3 = -3*g + 2*k - 19, -18 = 4*g - 2*k. Let f(l) be the first derivative of 1/2*l**2 + l - 1. What is f(g)?
-1
Let l(j) = 2 - 46*j + 47*j - 2. Determine l(2).
2
Let u be 7 - 2 - 0/4. Let z(i) be the third derivative of 1/60*i**u + 0 + 2/3*i**3 - i**2 + 5/24*i**4 + 0*i. Give z(-4).
0
Let r = 6 - 3. Suppose r*j - 8 = j. Let n(c) = -c**3 + 4*c**2 - c - 2. Calculate n(j).
-6
Let t(q) = -3*q**2 + 2*q - 5*q**2 - 8*q - q**3 + 7 - 3. Let g be t(-7). Let c(l) = l. Give c(g).
-3
Let n be ((-25)/(-10))/((-1)/2). Let o(g) = g**2 + 5*g - 1. Determine o(n).
-1
Let s(c) = 4*c**2 + 9*c. Let b(p) = 3*p**2 + 9*p + 1. Let g(w) = -5*b(w) + 4*s(w). Let h be g(10). Let y(m) = -2 + 2*m**2 - m - 3*m + h*m. What is y(-2)?
4
Let w(f) = f - 2. Suppose -12*p + 20*p = 0. What is w(p)?
-2
Let s be 174/15 + (-9)/15. Suppose 4 + s = -3*i. Let b(y) = y**2 - 4*y - 2*y - 2*y**2 + 3. Calculate b(i).
8
Suppose -96*i - 36 = -92*i. Let x(c) = c**2 + 8*c - 8. Calculate x(i).
1
Let p(b) be the third derivative of 0 + 0*b - 1/2*b**3 + 2*b**2 + 1/15*b**5 - 1/120*b**6 + 5/24*b**4. Calculate p(5).
-3
Let f(z) = -z**2 - 7*z - 4. Suppose 0 = -p - 4*p + 75. Let v be 1/(((-12)/p)/4). What is f(v)?
6
Let b(v) be the second derivative of v**5/60 - 5*v**4/24 + v**3 + 3*v**2/2 - 2*v. Let m(j) be the first derivative of b(j). Give m(4).
2
Let a(k) = -k**2 - 4*k - 1. Let p(h) = -h - 10. Let n = 11 + -20. Let z be p(n). Let d be (z*2 + 5)/(-1). What is a(d)?
2
Let b(z) = 7*z + 2. Let q(g) = 36*g + 9. Let o(v) = -11*b(v) + 2*q(v). Let u(m) = m. Let d(c) = o(c) + 6*u(c). Calculate d(5).
1
Let h(j) = j - 8. Let o(t) = t**2 + 2*t - 7. Let p be o(3). What is h(p)?
0
Let b(m) = -m**3 - m**2 + 5*m - 3. Let k be b(2). Let r(u) = u**2 + 6*u - 6. Give r(k).
-11
Suppose 2*v - 5*r = 1 - 22, 2*r - 8 = v. Let y(a) = -v*a - 3*a**2 - 2 + 0*a**3 - a**3 + 5*a. Suppose 3*h + 4 = 2*h. Determine y(h).
2
Let l(q) be the second derivative of -q**3 - 5*q**2/2 + 5*q. Give l(-4).
19
Let m = 51 - 55. Let f(s) = -5*s - 5. Give f(m).
15
Let m(f) be the second derivative of -f**4/12 + f**3/6 - 2*f**2 + f. Let q(x) = -x**2 + 17*x + 18. Let b be q(18). Give m(b).
-4
Let k be 165/18 + 2/(-12). Let p(q) = q**2 - 7*q - 13. Let l be p(k). Let o(f) = 5 + 0*f + l*f**2 - 4*f**2 - 5*f. Calculate o(4).
1
Let m(a) = -a**2 + 5*a + 1. Let v be m(4). Let u(c) be the third derivative of -c**4/24 - 6*c**2. What is u(v)?
-5
Suppose 2*j - 6*j = -36. Let b = j - 4. Suppose b*f + 3*g - 2 = 6*g, -4*f + 4*g = 0. Let l(z) = -z - 1. Calculate l(f).
-2
Let r(s) = -s + 8 + 3*s + 0*s - 7*s. Let j(l) = -9*l + 15. Let o(i) = 6*j(i) - 11*r(i). Give o(6).
8
Let x(w) = 4*w + 4. Let k(r) = 7*r + 8. Let z(h) = -3*k(h) + 5*x(h). Determine z(-5).
1
Let r(w) = -65*w - 3 + 13 + 64*w. Calculate r(0).
10
Let j(c) = c - 1. Let r be j(0). Let m be 2 - (-1)/r - 0. Let z(d) = -d + 1. Let q(h) = h - 1. Let o(k) = -2*q(k) - 3*z(k). Give o(m).
0
Suppose -c - 7 = -3. Let r(w) = -12 + 3*w - 12 + 28. Calculate r(c).
-8
Let n(k) = -k**3 + k + 3. Let x be n(0). Let l(v) = v + x*v + 60 - 5*v - 64. Calculate l(-6).
2
Let x(y) be the second derivative of 2*y**3/3 - y**2/2 + y + 3. What is x(-4)?
-17
Let u(j) be the first derivative of -j**2 - j + 5. Give u(3).
-7
Let k(n) be the third derivative of -n**6/120 + n**5/20 + n**4/8 + 5*n**3/6 + 7*n**2. Suppose 0 = 5*g, 4*v + g = 3*v + 4. Calculate k(v).
1
Let y(c) = -c**3 + 4*c**2 + 1. Let o be y(4). Let t = -5 - -8. Let g(i) = -3*i**3 - t*i**3 + i**2 - 2*i**2. What is g(o)?
-7
Let u(y) be the second derivative of 0 - 1/6*y**3 - 7*y + 3/2*y**2. Determine u(5).
-2
Let z(o) = o**2 + 2*o + 1. Suppose 3*m + w = 2*w + 5, 0 = 3*m + 5*w - 29. Give z(m).
16
Let z(j) = -3*j - 10. Let p be (0 + (-21)/6)*2. Determine z(p).
11
Let k(r) be the second derivative of 0*r**2 + 1/6*r**3 - 1/4*r**4 - 4*r + 0. Suppose -3 = 5*m - 2*m. Calculate k(m).
-4
Let k(j) = j**3 - 10*j**2 - j - 6. Let v be k(10). Let r be (1 + -14)/(2/v). Let z be (-4)/(-26) - (-400)/r. Let a(n) = -n**2 + 3*n + 3. Give a(z).
-1
Let w(m) be the third derivative of -m**4/24 + m**3/3 - 2*m**2. Let d be -1*1 + (5 - 6). Let r = 3 + d. Give w(r).
1
Let o(w) = w**3 - w - 1. Let d(q) = 5*q**3 + 5*q**2 - 11*q - 6. Let u(t) = -d(t) + 6*o(t). Determine u(4).
4
Let n(i) be the second derivative of i**3/3 - i**2/2 + 15*i. Give n(1).
1
Let t(n) = n**3 - 3*n**2 + 2*n + 7. Let g(c) = 4*c**3 - 9*c**2 + 6*c + 22. Let w(q) = 2*g(q) - 7*t(q). Give w(-4).
-13
Let c(d) = 12*d**2 - 1. Let b be (1/(-3))/(3/9). Determine c(b).
11
Suppose -2 - 13 = -5*k. Suppose 1 = -k*q - 2. Let p(l) = -10*l**3 + 2*l**2 - 4. Let n(g) = 20*g**3 - 4*g**2 + 7. Let x(h) = 3*n(h) + 5*p(h). Give x(q).
-11
Let d = 14 + -21. Let h be (-5)/(-7) - 2/d. Let v(t) = -6*t**2 + t - 1. What is v(h)?
-6
Let r(z) = z - 1. Suppose 5*t + 3 = 13. Suppose t*y + 2*y + 24 = 0. Determine r(y).
-7
Let y be (4/(-3))/((-85)/30 + 3). Let u(o) = -o - 6. What is u(y)?
2
Let y(p) = p**3 + 4*p**2 - 5. Let n = -13 + 9. Determine y(n).
-5
Let l(z) = -z**3 + 6*z**2 + 8*z - 5. Suppose j = 6*j + 5, -9 = -3*c + 3*j. Let q(h) = h**3 - 5*h**2 - 7*h + 4. Let d(n) = c*l(n) + 3*q(n). Give d(4).
-2
Let d(a) be the second derivative of 3*a**2 - 1/2*a**4 + 1/20*a**5 + 0*a**3 + 0 + 5*a. Calculate d(6).
6
Let z(l) be the first derivative of -l**4/2 - 2*l**3/3 + 17. Calculate z(-2).
8
Let h(s) be the third derivative of s**5/60 + s**4/4 + 5*s**3/6 + 4*s**2. Give h(-5).
0
Let l(t) = t**2 - 8*t + 12. Let b be l(5). Let j(z) be the second derivative of -z - 1/20*z**5 + 0 - 2*z**2 - 1/6*z**3 - 1/6*z**4. Give j(b).
8
Let m(i) = -i**3 - 6*i**2 - 5*i + 4. Let b(o) = -o**3 + 25. Let h be 3 - -1*(2 - 5). Let t be b(h). Suppose -n - 4*n = t. Determine m(n).
4
Let l(i) be the second derivative of -5*i**3/6 - 5*i. What is l(-1)?
5
Let i be 2*(2 - (-27)/(-6)). Let f(t) = -t**3 - 5*t**2 - 3*t - 7. Determine f(i).
8
Let f = -10 + 5. Let t(d) = d - 14. Let c(z) = 2*z - 21. Let v(j) = 5*c(j) - 8*t(j). What is v(f)?
-3
Let i(g) = g + 10. Let k be i(0). Let j = 6 - k. Let p(a) = -a - 6. Determine p(j).
-2
Let m(p) = 3 - 4 + 2 - p. Let c be 105/6*(-6)/(-5). Suppose 2*g + 3*w = -g - c, 0 = -4*w - 12. Calculate m(g).
5
Let k(p) = -p**2. Let v be 13/3 + (-3)/9. Suppose 4*i = -v, m - 4 = 3*i - 2. Give k(m).
-1
Let a = 16 + -15. Let v(w) = -17*w**2 + 2*w - 1. Determine v(a).
-16
Let k(j) = -2*j**2 - 5*j - 4. Let o(s) = s**2 + s + 1. Let g(v) = -k(v) - 3*o(v). Suppose -5*y = -0*y + 5. Let z be g(y). Let m(u) = 4*u + 2. Calculate m(z).
-6
Let h(p) = -p**3 - 5*p**2 + p - 1. Suppose -4*d - 4*i = 12, 2*i - 23 = 3*d - 2*i. What is h(d)?
-6
Let g(c) be the second derivative of 2*c**3/3 + c. Let h = 2 + 0. Suppose -n = h*n + 3. What is g(n)?
-4
Let h be -18*-8*2/(-12). Let n be (h/(-30))/(2/5). Let d(r) = n*r - r + 2*r**3 - 5 - 3*r**3 - r**2. Determine d(0).
-5
Let c(a) = a**2 + 5*a - 7. Suppose -3*w = -7*w - 20. Give c(w).
-7
Let i(l) = -l + 4. Suppose 34 - 29 = w. Give i(w).
-1
Let c be (-30)/7 - 6/(-21). Let x = 2 + c. Let h(a) be the first derivative of -a**3/3 + 2*a + 1. What is h(x)?
-2
Let f(q) = q - 2. Let s(p) = -3. Let r(m) = 1. Let w(l) = -2*r(l) - s(l). Let h(b) = f(b) - 3*w(b). Determine h(0).
-5
Let n(g) be the third derivative of 7/60*g**5 + 0*g + 1/120*g**6 - 7*g**2 + 1/6*g**4 + 0 - g**3. Calculate n(-6).
6
Let f(y) = -y**2 + 2 - 4 - 1 - y + 0. Give f(-4).
-15
Let x(l) = -l**2 + 5*l - 5. Let a be x(4). Let y be (a + -2)/(12/16). Let b(p) = -p**2 - 5*p - 5. Give b(y).
-1
Suppose 5*r - 12 = 3*d - 53, -4*r + d = 30. Let u = 2 + r. Let t(g) be the first derivative of g**4/4 + 4*g**3/3 - 5*g**2/2 + 3*g - 2. Calculate t(u).
3
Let f(w) = -w**2 - 1. Let t(p) = -8*p**2 - 3*p - 2. Let l(s) = f(s) - t(s). Give l(-2).
23
Let k(y) be the second derivative of -y**4/12 + y**3/2 + y**2/2 + 2*y. Suppose -5*l = -8 -